{"id":529,"date":"2025-04-22T08:30:09","date_gmt":"2025-04-22T06:30:09","guid":{"rendered":"https:\/\/www.gh-r.de\/2025\/?page_id=529"},"modified":"2025-07-24T16:34:11","modified_gmt":"2025-07-24T14:34:11","slug":"more-about-us","status":"publish","type":"page","link":"https:\/\/www.gh-r.de\/2025\/more-about-us\/","title":{"rendered":"More About Us"},"content":{"rendered":"<div class=\"wpb-content-wrapper\"><p>[vc_row css=&#8220;.vc_custom_1745304634783{padding-top: 120px !important;padding-bottom: 120px !important;background-color: #ffffff !important;}&#8220;][vc_column width=&#8220;1\/2&#8243;][vc_empty_space height=&#8220;60px&#8220;]<div id=\"ultimate-heading-815769da45f454d04\" class=\"uvc-heading ult-adjust-bottom-margin ultimate-heading-815769da45f454d04 uvc-8587 \" data-hspacer=\"icon_only\"  data-halign=\"left\" style=\"text-align:left\"><div class=\"uvc-heading-spacer icon_only\" style=\"margin-bottom:40px;\"><div class=\"ult-just-icon-wrapper  \"><div class=\"align-icon\" style=\"text-align:left;\">\n<div class=\"aio-icon none \"  style=\"color:#e0e0e0;font-size:50px;\">\n\t<i class=\"linearicons-book2\"><\/i>\n<\/div><\/div><\/div><\/div><div class=\"uvc-main-heading ult-responsive\"  data-ultimate-target='.uvc-heading.ultimate-heading-815769da45f454d04 h2'  data-responsive-json-new='{\"font-size\":\"\",\"line-height\":\"\"}' ><h2 style=\"font-weight:normal;\">Unsere Geschichte<\/h2><\/div><\/div>[vc_custom_heading text=&#8220;1991 bis heute&#8220; font_container=&#8220;tag:h6|text_align:left&#8220; use_theme_fonts=&#8220;yes&#8220; css=&#8220;&#8220;][vc_empty_space height=&#8220;20px&#8220;][vc_column_text css=&#8220;&#8220;]Seit 1991 betreuen wir unsere Patienten und Patientinnen in unseren Therapieeinrichtungen, vom S\u00e4ugling bis ins hohe Erwachsenenalter. Ebenso f\u00fchren wir Hausbesuche im h\u00e4uslichen Umfeld (Altenheim, Pflegeheim, Zuhause etc.) durch.<\/p>\n<p>Im Jahr 2012 haben wir unsere Therapiebereiche in zwei H\u00e4user, dem Erwachsenentherapiehaus in der Neuen Mitte Schwabm\u00fcnchens, sowie dem Kindertherapiehaus im Ferdinand-Wagner-Haus, ebenfalls in Schwabm\u00fcnchen, aufgeteilt, um eine bestm\u00f6gliche Versorgung gew\u00e4hrleisten zu k\u00f6nnen.<\/p>\n<p>Seit 2015 sind es nicht nur getrennte H\u00e4user, sondern auch eigenst\u00e4ndige Firmen. Die heutige Gesundheitshaus Reichart GbR sowie die <a href=\"https:\/\/www.kinderhaus-reichart.de\" target=\"_blank\" rel=\"noopener\">Kinderhaus Reichart GbR<\/a>.<\/p>\n<p>Selbstverst\u00e4ndlich ist unsere Praxis behindertengerecht ausgestattet und barrierefrei \u00fcber die hauseigenen Parkpl\u00e4tze erreichbar.[\/vc_column_text][\/vc_column][vc_column width=&#8220;1\/2&#8243; css=&#8220;.vc_custom_1745305749218{background: #ffffff url(https:\/\/www.gh-r.de\/2025\/wp-content\/uploads\/2025\/04\/Sonne_grau.png?id=558) !important;background-position: center !important;background-repeat: no-repeat !important;background-size: contain !important;}&#8220;]<div class=\"info-wrapper ult-adjust-bottom-margin\"><div id=\"info-circle-wrapper-69da45f454d48\" data-uniqid=\"69da45f454d48\" class=\"info-circle-wrapper  info-circle-responsive \" data-half-percentage=\"70\" data-circle-type=\"full-circle\"><div class=\"info-c-full-br\" style='border:2px solid #dddddd;width:180%;opacity:0;' data-start-degree=\"90\" data-divert=\"\" data-info-circle-angle=\"full\" data-responsive-circle=\"on\" data-responsive-breakpoint=\"200\" data-launch=\"easeOutBounce\" data-launch-duration=\"1\" data-launch-delay=\"0.2\" data-slide-true=\"on\" data-slide-duration=\"5\" data-icon-size=\"20\" data-icon-show=\"show\" data-icon-show-size=\"35\" data-highlight-style=\"info-circle-pulse\" data-focus-on=\"hover\"><div  class=\"icon-circle-list\"><div class=\"info-circle-icons \" style=\"background:#101010;color:#ffffff;\" ><i class=\"Defaults-user info-circle-icon\" ><\/i><\/div><div class=\"info-details\" data-icon-class=\"ult-info-circle-icon\"><div class=\"info-circle-def\"><div  class=\"info-circle-sub-def\"><i class=\"Defaults-user info-circle-icon\" ><\/i><div class=\"responsive-font-class ult-responsive\" ><h3  data-ultimate-target='#info-cirlce-wrap-3121 .responsive-font-class h3.new-cust-responsive-class'  data-responsive-json-new='{\"font-size\":\"desktop:18px;tablet:12px;tablet_portrait:10px;mobile_landscape:8px;mobile:8px;\",\"line-height\":\"\"}'  class=\"info-circle-heading ult-responsive new-cust-responsive-class\" style=\"font-weight:normal;\">Physiotherapie<\/h3><div  class=\"info-circle-text \" style=\"font-weight:normal;\"><\/div><\/div><\/div><\/div><\/div><div class=\"info-circle-icons \" style=\"background:#101010;color:#ffffff;\" ><i class=\"Defaults-user info-circle-icon\" ><\/i><\/div><div class=\"info-details\" data-icon-class=\"ult-info-circle-icon\"><div class=\"info-circle-def\"><div  class=\"info-circle-sub-def\"><i class=\"Defaults-user info-circle-icon\" ><\/i><div class=\"responsive-font-class ult-responsive\" ><h3  data-ultimate-target='#info-cirlce-wrap-3121 .responsive-font-class h3.new-cust-responsive-class'  data-responsive-json-new='{\"font-size\":\"desktop:18px;tablet:12px;tablet_portrait:10px;mobile_landscape:8px;mobile:8px;\",\"line-height\":\"\"}'  class=\"info-circle-heading ult-responsive new-cust-responsive-class\" style=\"font-weight:normal;\">Ergotherapie<\/h3><div  class=\"info-circle-text \" style=\"font-weight:normal;\"><\/div><\/div><\/div><\/div><\/div><div class=\"info-circle-icons \" style=\"background:#101010;color:#ffffff;\" ><i class=\"Defaults-user info-circle-icon\" ><\/i><\/div><div class=\"info-details\" data-icon-class=\"ult-info-circle-icon\"><div class=\"info-circle-def\"><div  class=\"info-circle-sub-def\"><i class=\"Defaults-user info-circle-icon\" ><\/i><div class=\"responsive-font-class ult-responsive\" ><h3  data-ultimate-target='#info-cirlce-wrap-3121 .responsive-font-class h3.new-cust-responsive-class'  data-responsive-json-new='{\"font-size\":\"desktop:18px;tablet:12px;tablet_portrait:10px;mobile_landscape:8px;mobile:8px;\",\"line-height\":\"\"}'  class=\"info-circle-heading ult-responsive new-cust-responsive-class\" style=\"font-weight:normal;\">Logop\u00e4die<\/h3><div  class=\"info-circle-text \" style=\"font-weight:normal;\"><\/div><\/div><\/div><\/div><\/div><div class=\"info-circle-icons \" style=\"background:#101010;color:#ffffff;\" ><i class=\"Defaults-group users info-circle-icon\" ><\/i><\/div><div class=\"info-details\" data-icon-class=\"ult-info-circle-icon\"><div class=\"info-circle-def\"><div  class=\"info-circle-sub-def\"><i class=\"Defaults-group users info-circle-icon\" ><\/i><div class=\"responsive-font-class ult-responsive\" ><h3  data-ultimate-target='#info-cirlce-wrap-3121 .responsive-font-class h3.new-cust-responsive-class'  data-responsive-json-new='{\"font-size\":\"desktop:18px;tablet:12px;tablet_portrait:10px;mobile_landscape:8px;mobile:8px;\",\"line-height\":\"\"}'  class=\"info-circle-heading ult-responsive new-cust-responsive-class\" style=\"font-weight:normal;\">Anmeldung\/Service<\/h3><div  class=\"info-circle-text \" style=\"font-weight:normal;\"><\/div><\/div><\/div><\/div><\/div><div class=\"info-circle-icons \" style=\"background:#101010;color:#ffffff;\" ><i class=\"Defaults-edit pencil-square-o info-circle-icon\" ><\/i><\/div><div class=\"info-details\" data-icon-class=\"ult-info-circle-icon\"><div class=\"info-circle-def\"><div  class=\"info-circle-sub-def\"><i class=\"Defaults-edit pencil-square-o info-circle-icon\" ><\/i><div class=\"responsive-font-class ult-responsive\" ><h3  data-ultimate-target='#info-cirlce-wrap-3121 .responsive-font-class h3.new-cust-responsive-class'  data-responsive-json-new='{\"font-size\":\"desktop:18px;tablet:12px;tablet_portrait:10px;mobile_landscape:8px;mobile:8px;\",\"line-height\":\"\"}'  class=\"info-circle-heading ult-responsive new-cust-responsive-class\" style=\"font-weight:normal;\">Qualit\u00e4ts-management<\/h3><div  class=\"info-circle-text \" style=\"font-weight:normal;\"><\/div><\/div><\/div><\/div><\/div><div class=\"info-circle-icons \" style=\"background:#101010;color:#ffffff;\" ><i class=\"Defaults-thumbs-o-up info-circle-icon\" ><\/i><\/div><div class=\"info-details\" data-icon-class=\"ult-info-circle-icon\"><div class=\"info-circle-def\"><div  class=\"info-circle-sub-def\"><i class=\"Defaults-thumbs-o-up info-circle-icon\" ><\/i><div class=\"responsive-font-class ult-responsive\" ><h3  data-ultimate-target='#info-cirlce-wrap-3121 .responsive-font-class h3.new-cust-responsive-class'  data-responsive-json-new='{\"font-size\":\"desktop:18px;tablet:12px;tablet_portrait:10px;mobile_landscape:8px;mobile:8px;\",\"line-height\":\"\"}'  class=\"info-circle-heading ult-responsive new-cust-responsive-class\" style=\"font-weight:normal;\">Sch\u00fclerbetreuung<\/h3><div  class=\"info-circle-text \" style=\"font-weight:normal;\"><\/div><\/div><\/div><\/div><\/div><div class=\"info-circle-icons \" style=\"background:#101010;color:#ffffff;\" ><i class=\"linearicons-bicycle2 info-circle-icon\" ><\/i><\/div><div class=\"info-details\" data-icon-class=\"ult-info-circle-icon\"><div class=\"info-circle-def\"><div  class=\"info-circle-sub-def\"><i class=\"linearicons-bicycle2 info-circle-icon\" ><\/i><div class=\"responsive-font-class ult-responsive\" ><h3  data-ultimate-target='#info-cirlce-wrap-3121 .responsive-font-class h3.new-cust-responsive-class'  data-responsive-json-new='{\"font-size\":\"desktop:18px;tablet:12px;tablet_portrait:10px;mobile_landscape:8px;mobile:8px;\",\"line-height\":\"\"}'  class=\"info-circle-heading ult-responsive new-cust-responsive-class\" style=\"font-weight:normal;\">Pr\u00e4vention<\/h3><div  class=\"info-circle-text \" style=\"font-weight:normal;\"><\/div><\/div><\/div><\/div><\/div><\/div><div id=\"info-cirlce-wrap-3121\" class=\"info-c-full\" style=\"background-color:rgba(175,175,175,0.01);color:#0a0a0a;width:60%;height:60%;margin:20%;\"><div class=\"info-c-full-wrap\"><\/div><\/div><\/div><div class=\"smile_icon_list_wrap \" data-content_bg=\"rgba(175,175,175,0.01)\" data-content_color=\"#0a0a0a\">\n\t\t\t\t\t\t\t<ul id=\"info-cirlce-wrap-3121\" class=\"smile_icon_list left circle with_bg\"><li class=\"icon_list_item\" style=\"font-size:60px;\">\n\t\t\t\t\t\t\t\t\t<div class=\"icon_list_icon\" style=\"font-size:20px;width:20px;height:20px;line-height:1;\">\n\t\t\t\t\t\t\t\t\t\t<i class=\"smt-pencil\"><\/i>\n\t\t\t\t\t\t\t\t\t<\/div>\n\t\t\t\t\t\t\t\t\t<div  class=\"icon_description\" style=\"font-size:20px;\">\n\t\t\t\t\t\t\t\t\t\t<div class=\"responsive-font-class ult-responsive\"  data-ultimate-target='#info-cirlce-wrap-3121 .responsive-font-class *'  data-responsive-json-new='{\"font-size\":\"\",\"line-height\":\"\"}'  style=\"font-weight:normal;\">\n\t\t\t\t\t\t\t\t\t\t\t<h3  data-ultimate-target='#info-cirlce-wrap-3121 .responsive-font-class h3.new-cust-responsive-class'  data-responsive-json-new='{\"font-size\":\"desktop:18px;tablet:12px;tablet_portrait:10px;mobile_landscape:8px;mobile:8px;\",\"line-height\":\"\"}'  class=\"ult-responsive new-cust-responsive-class\" style=\"font-weight:normal;\"><\/h3>\n\t\t\t\t\t\t\t\t\t\t\t<p><\/p>\n\t\t\t\t\t\t\t\t\t\t<\/div>\n\t\t\t\t\t\t\t\t\t<\/div>\n\t\t\t\t\t\t\t\t\t<div class=\"icon_list_connector\" style=\" border-style:solid;border-color:#dddddd; left:10px; top:20px;\">\n\t\t\t\t\t\t\t\t\t<\/div><\/li><\/ul>\n\t\t\t\t\t\t<\/div><\/div><\/div>[\/vc_column][\/vc_row]<\/p>\n<\/div>","protected":false},"excerpt":{"rendered":"<p>[vc_row css=&#8220;.vc_custom_1745304634783{padding-top: 120px !important;padding-bottom: 120px !important;background-color: #ffffff !important;}&#8220;][vc_column width=&#8220;1\/2&#8243;][vc_empty_space height=&#8220;60px&#8220;][vc_custom_heading text=&#8220;1991 bis heute&#8220; font_container=&#8220;tag:h6|text_align:left&#8220; use_theme_fonts=&#8220;yes&#8220; css=&#8220;&#8220;][vc_empty_space height=&#8220;20px&#8220;][vc_column_text css=&#8220;&#8220;]Seit 1991 betreuen wir unsere Patienten und Patientinnen in unseren Therapieeinrichtungen, vom S\u00e4ugling bis ins hohe Erwachsenenalter. Ebenso f\u00fchren wir Hausbesuche im h\u00e4uslichen Umfeld (Altenheim, Pflegeheim, Zuhause etc.) durch. Im Jahr 2012 haben wir unsere Therapiebereiche in zwei [&hellip;]<\/p>\n","protected":false},"author":1,"featured_media":0,"parent":0,"menu_order":0,"comment_status":"closed","ping_status":"closed","template":"one-page-template.php","meta":{"footnotes":""},"class_list":["post-529","page","type-page","status-publish","hentry"],"_links":{"self":[{"href":"https:\/\/www.gh-r.de\/2025\/wp-json\/wp\/v2\/pages\/529","targetHints":{"allow":["GET"]}}],"collection":[{"href":"https:\/\/www.gh-r.de\/2025\/wp-json\/wp\/v2\/pages"}],"about":[{"href":"https:\/\/www.gh-r.de\/2025\/wp-json\/wp\/v2\/types\/page"}],"author":[{"embeddable":true,"href":"https:\/\/www.gh-r.de\/2025\/wp-json\/wp\/v2\/users\/1"}],"replies":[{"embeddable":true,"href":"https:\/\/www.gh-r.de\/2025\/wp-json\/wp\/v2\/comments?post=529"}],"version-history":[{"count":40,"href":"https:\/\/www.gh-r.de\/2025\/wp-json\/wp\/v2\/pages\/529\/revisions"}],"predecessor-version":[{"id":890,"href":"https:\/\/www.gh-r.de\/2025\/wp-json\/wp\/v2\/pages\/529\/revisions\/890"}],"wp:attachment":[{"href":"https:\/\/www.gh-r.de\/2025\/wp-json\/wp\/v2\/media?parent=529"}],"curies":[{"name":"wp","href":"https:\/\/api.w.org\/{rel}","templated":true}]}}